{"id":187,"date":"2019-03-01T16:40:52","date_gmt":"2019-03-01T16:40:52","guid":{"rendered":"https:\/\/akl.mecki.net\/?page_id=187"},"modified":"2021-11-12T18:57:17","modified_gmt":"2021-11-12T18:57:17","slug":"baumschienen-und-anhaengervermietung","status":"publish","type":"page","link":"https:\/\/akl.mecki.net\/?page_id=187","title":{"rendered":"VERMIETUNG"},"content":{"rendered":"\n<p><span style=\"color: #000000;\">Anh\u00e4nger mieten ab 7\u20ac<\/span><\/p>\n<ul>\n<li><span style=\"color: #000000;\">Mehrzweckanh\u00e4nger &#8211; 7 \u20ac pro Stunde \u2013 30 \u20ac pro Tag \u2013 45 \u20ac pro Wochenende<\/span><\/li>\n<li><span style=\"color: #000000;\">Kofferanh\u00e4nger \u2013 7 \u20ac pro Stunde \u2013 30 \u20ac pro Tag \u2013 45 \u20ac pro Wochenende<\/span><\/li>\n<li><span style=\"color: #000000;\">Dreiseitenkipper \u2013 13 \u20ac pro Stunde \u2013 55 \u20ac pro Tag \u2013 80 \u20ac pro Wochenende<\/span><\/li>\n<\/ul>\n<p><span style=\"color: #000000;\">Langzeitmiete nach Absprache m\u00f6glich<\/span><\/p>\n<p><img loading=\"lazy\" decoding=\"async\" class=\"alignnone  wp-image-188\" src=\"https:\/\/akl.mecki.net\/wp-content\/uploads\/2019\/03\/anh\u00e4nger1-300x222.jpg\" alt=\"\" width=\"478\" height=\"354\" srcset=\"https:\/\/akl.mecki.net\/wp-content\/uploads\/2019\/03\/anh\u00e4nger1-300x222.jpg 300w, https:\/\/akl.mecki.net\/wp-content\/uploads\/2019\/03\/anh\u00e4nger1-768x567.jpg 768w, https:\/\/akl.mecki.net\/wp-content\/uploads\/2019\/03\/anh\u00e4nger1-1024x756.jpg 1024w, https:\/\/akl.mecki.net\/wp-content\/uploads\/2019\/03\/anh\u00e4nger1.jpg 1116w\" sizes=\"auto, (max-width: 478px) 100vw, 478px\" \/><\/p>\n<p>RADLADER JCB 407 SCHAUFEL+GABEL<br \/>Mietpreis pro Stunde ab 22\u20ac<br \/>Mietpreis pro Tag ab 160\u20ac<br \/>Langzeitmiete nach Absprache<br \/>Bei Bedarf auch mit Fahrer.<br \/>Bei Fragen bitte anrufen<\/p>\n<p><img loading=\"lazy\" decoding=\"async\" class=\" wp-image-284\" style=\"font-weight: bold;\" src=\"https:\/\/akl.mecki.net\/wp-content\/uploads\/2021\/11\/PB120001-300x189.jpg\" alt=\"\" width=\"489\" height=\"308\" srcset=\"https:\/\/akl.mecki.net\/wp-content\/uploads\/2021\/11\/PB120001-300x189.jpg 300w, https:\/\/akl.mecki.net\/wp-content\/uploads\/2021\/11\/PB120001-1024x646.jpg 1024w, https:\/\/akl.mecki.net\/wp-content\/uploads\/2021\/11\/PB120001-768x485.jpg 768w, https:\/\/akl.mecki.net\/wp-content\/uploads\/2021\/11\/PB120001-1536x969.jpg 1536w, https:\/\/akl.mecki.net\/wp-content\/uploads\/2021\/11\/PB120001.jpg 1821w\" sizes=\"auto, (max-width: 489px) 100vw, 489px\" \/><\/p>\n<p><img loading=\"lazy\" decoding=\"async\" class=\" wp-image-286\" src=\"https:\/\/akl.mecki.net\/wp-content\/uploads\/2021\/11\/P3230002-300x278.jpg\" alt=\"\" width=\"486\" height=\"450\" srcset=\"https:\/\/akl.mecki.net\/wp-content\/uploads\/2021\/11\/P3230002-300x278.jpg 300w, https:\/\/akl.mecki.net\/wp-content\/uploads\/2021\/11\/P3230002-1024x949.jpg 1024w, https:\/\/akl.mecki.net\/wp-content\/uploads\/2021\/11\/P3230002-768x712.jpg 768w, https:\/\/akl.mecki.net\/wp-content\/uploads\/2021\/11\/P3230002-1536x1424.jpg 1536w, https:\/\/akl.mecki.net\/wp-content\/uploads\/2021\/11\/P3230002.jpg 1545w\" sizes=\"auto, (max-width: 486px) 100vw, 486px\" \/><\/p>\n","protected":false},"excerpt":{"rendered":"<p>Anh\u00e4nger mieten ab 7\u20ac Mehrzweckanh\u00e4nger &#8211; 7 \u20ac pro Stunde \u2013 30 \u20ac pro Tag \u2013 45 \u20ac pro Wochenende Kofferanh\u00e4nger \u2013 7 \u20ac pro Stunde \u2013 30 \u20ac pro Tag \u2013 45 \u20ac pro Wochenende Dreiseitenkipper \u2013 13 \u20ac pro Stunde \u2013 55 \u20ac pro Tag \u2013 80 \u20ac pro Wochenende Langzeitmiete nach Absprache [&hellip;]<\/p>\n","protected":false},"author":3,"featured_media":0,"parent":0,"menu_order":0,"comment_status":"closed","ping_status":"closed","template":"","meta":{"footnotes":""},"class_list":["post-187","page","type-page","status-publish","hentry"],"yoast_head":"<!-- This site is optimized with the Yoast SEO plugin v27.5 - https:\/\/yoast.com\/product\/yoast-seo-wordpress\/ -->\n<title>AKL-Poepperl.de Vermietung Baumaschinen, Anh\u00e4nger, Holzspalter<\/title>\n<meta name=\"description\" content=\"Vermietung Baumaschinen und Anh\u00e4nger: RADLADER JCB 407 SCHAUFEL+GABEL - Minibagger JCB 801B - Mehrzweckanh\u00e4nger - Kofferanh\u00e4nger \u2013 Dreiseitenkipper\" \/>\n<meta name=\"robots\" content=\"index, follow, max-snippet:-1, max-image-preview:large, max-video-preview:-1\" \/>\n<link rel=\"canonical\" href=\"https:\/\/akl.mecki.net\/?page_id=187\" \/>\n<meta property=\"og:locale\" content=\"de_DE\" \/>\n<meta property=\"og:type\" content=\"article\" \/>\n<meta property=\"og:title\" content=\"AKL-Poepperl.de Vermietung Baumaschinen, Anh\u00e4nger, Holzspalter\" \/>\n<meta property=\"og:description\" content=\"Vermietung Baumaschinen und Anh\u00e4nger: RADLADER JCB 407 SCHAUFEL+GABEL - Minibagger JCB 801B - Mehrzweckanh\u00e4nger - Kofferanh\u00e4nger \u2013 Dreiseitenkipper\" \/>\n<meta property=\"og:url\" content=\"https:\/\/akl.mecki.net\/?page_id=187\" \/>\n<meta property=\"og:site_name\" content=\"Auto - Karosserie - Lackierung\" \/>\n<meta property=\"article:modified_time\" content=\"2021-11-12T18:57:17+00:00\" \/>\n<meta property=\"og:image\" content=\"https:\/\/akl.mecki.net\/wp-content\/uploads\/2019\/03\/anh\u00e4nger1-300x222.jpg\" \/>\n<meta name=\"twitter:card\" content=\"summary_large_image\" \/>\n<meta name=\"twitter:label1\" content=\"Gesch\u00e4tzte Lesezeit\" \/>\n\t<meta name=\"twitter:data1\" content=\"1\u00a0Minute\" \/>\n<script type=\"application\/ld+json\" class=\"yoast-schema-graph\">{\"@context\":\"https:\\\/\\\/schema.org\",\"@graph\":[{\"@type\":\"WebPage\",\"@id\":\"https:\\\/\\\/akl.mecki.net\\\/?page_id=187\",\"url\":\"https:\\\/\\\/akl.mecki.net\\\/?page_id=187\",\"name\":\"AKL-Poepperl.de Vermietung Baumaschinen, Anh\u00e4nger, Holzspalter\",\"isPartOf\":{\"@id\":\"https:\\\/\\\/akl.mecki.net\\\/#website\"},\"primaryImageOfPage\":{\"@id\":\"https:\\\/\\\/akl.mecki.net\\\/?page_id=187#primaryimage\"},\"image\":{\"@id\":\"https:\\\/\\\/akl.mecki.net\\\/?page_id=187#primaryimage\"},\"thumbnailUrl\":\"https:\\\/\\\/akl.mecki.net\\\/wp-content\\\/uploads\\\/2021\\\/11\\\/PB120001-300x189.jpg\",\"datePublished\":\"2019-03-01T16:40:52+00:00\",\"dateModified\":\"2021-11-12T18:57:17+00:00\",\"description\":\"Vermietung Baumaschinen und Anh\u00e4nger: RADLADER JCB 407 SCHAUFEL+GABEL - Minibagger JCB 801B - Mehrzweckanh\u00e4nger - Kofferanh\u00e4nger \u2013 Dreiseitenkipper\",\"breadcrumb\":{\"@id\":\"https:\\\/\\\/akl.mecki.net\\\/?page_id=187#breadcrumb\"},\"inLanguage\":\"de\",\"potentialAction\":[{\"@type\":\"ReadAction\",\"target\":[\"https:\\\/\\\/akl.mecki.net\\\/?page_id=187\"]}]},{\"@type\":\"ImageObject\",\"inLanguage\":\"de\",\"@id\":\"https:\\\/\\\/akl.mecki.net\\\/?page_id=187#primaryimage\",\"url\":\"https:\\\/\\\/akl.mecki.net\\\/wp-content\\\/uploads\\\/2021\\\/11\\\/PB120001.jpg\",\"contentUrl\":\"https:\\\/\\\/akl.mecki.net\\\/wp-content\\\/uploads\\\/2021\\\/11\\\/PB120001.jpg\",\"width\":1821,\"height\":1149,\"caption\":\"OLYMPUS DIGITAL CAMERA\"},{\"@type\":\"BreadcrumbList\",\"@id\":\"https:\\\/\\\/akl.mecki.net\\\/?page_id=187#breadcrumb\",\"itemListElement\":[{\"@type\":\"ListItem\",\"position\":1,\"name\":\"Startseite\",\"item\":\"https:\\\/\\\/akl.mecki.net\\\/\"},{\"@type\":\"ListItem\",\"position\":2,\"name\":\"VERMIETUNG\"}]},{\"@type\":\"WebSite\",\"@id\":\"https:\\\/\\\/akl.mecki.net\\\/#website\",\"url\":\"https:\\\/\\\/akl.mecki.net\\\/\",\"name\":\"Auto - Karosserie - Lackierung\",\"description\":\"Am Spring 18 - 03246 Crinitz - Tel. 035324 671\",\"potentialAction\":[{\"@type\":\"SearchAction\",\"target\":{\"@type\":\"EntryPoint\",\"urlTemplate\":\"https:\\\/\\\/akl.mecki.net\\\/?s={search_term_string}\"},\"query-input\":{\"@type\":\"PropertyValueSpecification\",\"valueRequired\":true,\"valueName\":\"search_term_string\"}}],\"inLanguage\":\"de\"}]}<\/script>\n<!-- \/ Yoast SEO plugin. -->","yoast_head_json":{"title":"AKL-Poepperl.de Vermietung Baumaschinen, Anh\u00e4nger, Holzspalter","description":"Vermietung Baumaschinen und Anh\u00e4nger: RADLADER JCB 407 SCHAUFEL+GABEL - Minibagger JCB 801B - Mehrzweckanh\u00e4nger - Kofferanh\u00e4nger \u2013 Dreiseitenkipper","robots":{"index":"index","follow":"follow","max-snippet":"max-snippet:-1","max-image-preview":"max-image-preview:large","max-video-preview":"max-video-preview:-1"},"canonical":"https:\/\/akl.mecki.net\/?page_id=187","og_locale":"de_DE","og_type":"article","og_title":"AKL-Poepperl.de Vermietung Baumaschinen, Anh\u00e4nger, Holzspalter","og_description":"Vermietung Baumaschinen und Anh\u00e4nger: RADLADER JCB 407 SCHAUFEL+GABEL - Minibagger JCB 801B - Mehrzweckanh\u00e4nger - Kofferanh\u00e4nger \u2013 Dreiseitenkipper","og_url":"https:\/\/akl.mecki.net\/?page_id=187","og_site_name":"Auto - Karosserie - Lackierung","article_modified_time":"2021-11-12T18:57:17+00:00","og_image":[{"url":"https:\/\/akl.mecki.net\/wp-content\/uploads\/2019\/03\/anh\u00e4nger1-300x222.jpg","type":"","width":"","height":""}],"twitter_card":"summary_large_image","twitter_misc":{"Gesch\u00e4tzte Lesezeit":"1\u00a0Minute"},"schema":{"@context":"https:\/\/schema.org","@graph":[{"@type":"WebPage","@id":"https:\/\/akl.mecki.net\/?page_id=187","url":"https:\/\/akl.mecki.net\/?page_id=187","name":"AKL-Poepperl.de Vermietung Baumaschinen, Anh\u00e4nger, Holzspalter","isPartOf":{"@id":"https:\/\/akl.mecki.net\/#website"},"primaryImageOfPage":{"@id":"https:\/\/akl.mecki.net\/?page_id=187#primaryimage"},"image":{"@id":"https:\/\/akl.mecki.net\/?page_id=187#primaryimage"},"thumbnailUrl":"https:\/\/akl.mecki.net\/wp-content\/uploads\/2021\/11\/PB120001-300x189.jpg","datePublished":"2019-03-01T16:40:52+00:00","dateModified":"2021-11-12T18:57:17+00:00","description":"Vermietung Baumaschinen und Anh\u00e4nger: RADLADER JCB 407 SCHAUFEL+GABEL - Minibagger JCB 801B - Mehrzweckanh\u00e4nger - Kofferanh\u00e4nger \u2013 Dreiseitenkipper","breadcrumb":{"@id":"https:\/\/akl.mecki.net\/?page_id=187#breadcrumb"},"inLanguage":"de","potentialAction":[{"@type":"ReadAction","target":["https:\/\/akl.mecki.net\/?page_id=187"]}]},{"@type":"ImageObject","inLanguage":"de","@id":"https:\/\/akl.mecki.net\/?page_id=187#primaryimage","url":"https:\/\/akl.mecki.net\/wp-content\/uploads\/2021\/11\/PB120001.jpg","contentUrl":"https:\/\/akl.mecki.net\/wp-content\/uploads\/2021\/11\/PB120001.jpg","width":1821,"height":1149,"caption":"OLYMPUS DIGITAL CAMERA"},{"@type":"BreadcrumbList","@id":"https:\/\/akl.mecki.net\/?page_id=187#breadcrumb","itemListElement":[{"@type":"ListItem","position":1,"name":"Startseite","item":"https:\/\/akl.mecki.net\/"},{"@type":"ListItem","position":2,"name":"VERMIETUNG"}]},{"@type":"WebSite","@id":"https:\/\/akl.mecki.net\/#website","url":"https:\/\/akl.mecki.net\/","name":"Auto - Karosserie - Lackierung","description":"Am Spring 18 - 03246 Crinitz - Tel. 035324 671","potentialAction":[{"@type":"SearchAction","target":{"@type":"EntryPoint","urlTemplate":"https:\/\/akl.mecki.net\/?s={search_term_string}"},"query-input":{"@type":"PropertyValueSpecification","valueRequired":true,"valueName":"search_term_string"}}],"inLanguage":"de"}]}},"_links":{"self":[{"href":"https:\/\/akl.mecki.net\/index.php?rest_route=\/wp\/v2\/pages\/187","targetHints":{"allow":["GET"]}}],"collection":[{"href":"https:\/\/akl.mecki.net\/index.php?rest_route=\/wp\/v2\/pages"}],"about":[{"href":"https:\/\/akl.mecki.net\/index.php?rest_route=\/wp\/v2\/types\/page"}],"author":[{"embeddable":true,"href":"https:\/\/akl.mecki.net\/index.php?rest_route=\/wp\/v2\/users\/3"}],"replies":[{"embeddable":true,"href":"https:\/\/akl.mecki.net\/index.php?rest_route=%2Fwp%2Fv2%2Fcomments&post=187"}],"version-history":[{"count":11,"href":"https:\/\/akl.mecki.net\/index.php?rest_route=\/wp\/v2\/pages\/187\/revisions"}],"predecessor-version":[{"id":302,"href":"https:\/\/akl.mecki.net\/index.php?rest_route=\/wp\/v2\/pages\/187\/revisions\/302"}],"wp:attachment":[{"href":"https:\/\/akl.mecki.net\/index.php?rest_route=%2Fwp%2Fv2%2Fmedia&parent=187"}],"curies":[{"name":"wp","href":"https:\/\/api.w.org\/{rel}","templated":true}]}}

<p><span style="color: #000000;">Anhänger mieten ab 7€</span></p>
<ul>
<li><span style="color: #000000;">Mehrzweckanhänger &#8211; 7 € pro Stunde – 30 € pro Tag – 45 € pro Wochenende</span></li>
<li><span style="color: #000000;">Kofferanhänger – 7 € pro Stunde – 30 € pro Tag – 45 € pro Wochenende</span></li>
<li><span style="color: #000000;">Dreiseitenkipper – 13 € pro Stunde – 55 € pro Tag – 80 € pro Wochenende</span></li>
</ul>
<p><span style="color: #000000;">Langzeitmiete nach Absprache möglich</span></p>
<p><img loading="lazy" decoding="async" class="alignnone  wp-image-188" src="https://akl.mecki.net/wp-content/uploads/2019/03/anhänger1-300x222.jpg" alt="" width="478" height="354" srcset="https://akl.mecki.net/wp-content/uploads/2019/03/anhänger1-300x222.jpg 300w, https://akl.mecki.net/wp-content/uploads/2019/03/anhänger1-768x567.jpg 768w, https://akl.mecki.net/wp-content/uploads/2019/03/anhänger1-1024x756.jpg 1024w, https://akl.mecki.net/wp-content/uploads/2019/03/anhänger1.jpg 1116w" sizes="auto, (max-width: 478px) 100vw, 478px" /></p>
<p>RADLADER JCB 407 SCHAUFEL+GABEL<br />Mietpreis pro Stunde ab 22€<br />Mietpreis pro Tag ab 160€<br />Langzeitmiete nach Absprache<br />Bei Bedarf auch mit Fahrer.<br />Bei Fragen bitte anrufen</p>
<p><img loading="lazy" decoding="async" class=" wp-image-284" style="font-weight: bold;" src="https://akl.mecki.net/wp-content/uploads/2021/11/PB120001-300x189.jpg" alt="" width="489" height="308" srcset="https://akl.mecki.net/wp-content/uploads/2021/11/PB120001-300x189.jpg 300w, https://akl.mecki.net/wp-content/uploads/2021/11/PB120001-1024x646.jpg 1024w, https://akl.mecki.net/wp-content/uploads/2021/11/PB120001-768x485.jpg 768w, https://akl.mecki.net/wp-content/uploads/2021/11/PB120001-1536x969.jpg 1536w, https://akl.mecki.net/wp-content/uploads/2021/11/PB120001.jpg 1821w" sizes="auto, (max-width: 489px) 100vw, 489px" /></p>
<p><img loading="lazy" decoding="async" class=" wp-image-286" src="https://akl.mecki.net/wp-content/uploads/2021/11/P3230002-300x278.jpg" alt="" width="486" height="450" srcset="https://akl.mecki.net/wp-content/uploads/2021/11/P3230002-300x278.jpg 300w, https://akl.mecki.net/wp-content/uploads/2021/11/P3230002-1024x949.jpg 1024w, https://akl.mecki.net/wp-content/uploads/2021/11/P3230002-768x712.jpg 768w, https://akl.mecki.net/wp-content/uploads/2021/11/P3230002-1536x1424.jpg 1536w, https://akl.mecki.net/wp-content/uploads/2021/11/P3230002.jpg 1545w" sizes="auto, (max-width: 486px) 100vw, 486px" /></p>

<p>Anhänger mieten ab 7€ Mehrzweckanhänger &#8211; 7 € pro Stunde – 30 € pro Tag – 45 € pro Wochenende Kofferanhänger – 7 € pro Stunde – 30 € pro Tag – 45 € pro Wochenende Dreiseitenkipper – 13 € pro Stunde – 55 € pro Tag – 80 € pro Wochenende Langzeitmiete nach Absprache [&hellip;]</p>

<!-- This site is optimized with the Yoast SEO plugin v27.5 - https://yoast.com/product/yoast-seo-wordpress/ -->
<title>AKL-Poepperl.de Vermietung Baumaschinen, Anhänger, Holzspalter</title>
<meta name="description" content="Vermietung Baumaschinen und Anhänger: RADLADER JCB 407 SCHAUFEL+GABEL - Minibagger JCB 801B - Mehrzweckanhänger - Kofferanhänger – Dreiseitenkipper" />
<meta name="robots" content="index, follow, max-snippet:-1, max-image-preview:large, max-video-preview:-1" />
<link rel="canonical" href="https://akl.mecki.net/?page_id=187" />
<meta property="og:locale" content="de_DE" />
<meta property="og:type" content="article" />
<meta property="og:title" content="AKL-Poepperl.de Vermietung Baumaschinen, Anhänger, Holzspalter" />
<meta property="og:description" content="Vermietung Baumaschinen und Anhänger: RADLADER JCB 407 SCHAUFEL+GABEL - Minibagger JCB 801B - Mehrzweckanhänger - Kofferanhänger – Dreiseitenkipper" />
<meta property="og:url" content="https://akl.mecki.net/?page_id=187" />
<meta property="og:site_name" content="Auto - Karosserie - Lackierung" />
<meta property="article:modified_time" content="2021-11-12T18:57:17+00:00" />
<meta property="og:image" content="https://akl.mecki.net/wp-content/uploads/2019/03/anhänger1-300x222.jpg" />
<meta name="twitter:card" content="summary_large_image" />
<meta name="twitter:label1" content="Geschätzte Lesezeit" />
	<meta name="twitter:data1" content="1 Minute" />
<script type="application/ld+json" class="yoast-schema-graph">{"@context":"https:\/\/schema.org","@graph":[{"@type":"WebPage","@id":"https:\/\/akl.mecki.net\/?page_id=187","url":"https:\/\/akl.mecki.net\/?page_id=187","name":"AKL-Poepperl.de Vermietung Baumaschinen, Anhänger, Holzspalter","isPartOf":{"@id":"https:\/\/akl.mecki.net\/#website"},"primaryImageOfPage":{"@id":"https:\/\/akl.mecki.net\/?page_id=187#primaryimage"},"image":{"@id":"https:\/\/akl.mecki.net\/?page_id=187#primaryimage"},"thumbnailUrl":"https:\/\/akl.mecki.net\/wp-content\/uploads\/2021\/11\/PB120001-300x189.jpg","datePublished":"2019-03-01T16:40:52+00:00","dateModified":"2021-11-12T18:57:17+00:00","description":"Vermietung Baumaschinen und Anhänger: RADLADER JCB 407 SCHAUFEL+GABEL - Minibagger JCB 801B - Mehrzweckanhänger - Kofferanhänger – Dreiseitenkipper","breadcrumb":{"@id":"https:\/\/akl.mecki.net\/?page_id=187#breadcrumb"},"inLanguage":"de","potentialAction":[{"@type":"ReadAction","target":["https:\/\/akl.mecki.net\/?page_id=187"]}]},{"@type":"ImageObject","inLanguage":"de","@id":"https:\/\/akl.mecki.net\/?page_id=187#primaryimage","url":"https:\/\/akl.mecki.net\/wp-content\/uploads\/2021\/11\/PB120001.jpg","contentUrl":"https:\/\/akl.mecki.net\/wp-content\/uploads\/2021\/11\/PB120001.jpg","width":1821,"height":1149,"caption":"OLYMPUS DIGITAL CAMERA"},{"@type":"BreadcrumbList","@id":"https:\/\/akl.mecki.net\/?page_id=187#breadcrumb","itemListElement":[{"@type":"ListItem","position":1,"name":"Startseite","item":"https:\/\/akl.mecki.net\/"},{"@type":"ListItem","position":2,"name":"VERMIETUNG"}]},{"@type":"WebSite","@id":"https:\/\/akl.mecki.net\/#website","url":"https:\/\/akl.mecki.net\/","name":"Auto - Karosserie - Lackierung","description":"Am Spring 18 - 03246 Crinitz - Tel. 035324 671","potentialAction":[{"@type":"SearchAction","target":{"@type":"EntryPoint","urlTemplate":"https:\/\/akl.mecki.net\/?s={search_term_string}"},"query-input":{"@type":"PropertyValueSpecification","valueRequired":true,"valueName":"search_term_string"}}],"inLanguage":"de"}]}</script>
<!-- / Yoast SEO plugin. -->

AKL-Poepperl.de Vermietung Baumaschinen, Anhänger, Holzspalter

Vermietung Baumaschinen und Anhänger: RADLADER JCB 407 SCHAUFEL+GABEL - Minibagger JCB 801B - Mehrzweckanhänger - Kofferanhänger – Dreiseitenkipper

https://akl.mecki.net/wp-content/uploads/2019/03/anhänger1-300x222.jpg
