{"id":10,"date":"2019-02-06T17:42:29","date_gmt":"2019-02-06T17:42:29","guid":{"rendered":"https:\/\/akl.mecki.net\/?page_id=10"},"modified":"2019-02-11T17:53:10","modified_gmt":"2019-02-11T17:53:10","slug":"ueber-uns","status":"publish","type":"page","link":"https:\/\/akl.mecki.net\/?page_id=10","title":{"rendered":"\u00dcBER UNS"},"content":{"rendered":"\n<h2>Wir sind eine freie Autowerkstatt in 2. Generation<\/h2>\n<p>Als markenunabh\u00e4ngige Werkstatt widmen wir uns allen Wartungs- und Instandsetzungsf\u00e4llen zu einem optimalen Preis. <br \/>In unserem Leistungsspektrum finden Sie ein gro\u00dfes Reparatur- und Wartungsangebot f\u00fcr jeden Fahrzeugtyp.<br \/>Wir sind der Fachbetrieb f\u00fcr historische Fahrzeuge!<br \/>In unserer Fachwerkstatt sind Sie genau richtig, wenn Sie Reparatur- oder Wartungsarbeiten an Ihrem Oldtimer durchf\u00fchren lassen m\u00f6chten! Unsere Mitarbeiter k\u00fcmmern sich um Ihr Schmuckst\u00fcck.<\/p>\n<h2>Meisterbetrieb<\/h2>\n<p>Wir sind ein KFZ-Meisterbetrieb und somit von der Handwerksverordnung anerkannt!<\/p>\n","protected":false},"excerpt":{"rendered":"<p>Wir sind eine freie Autowerkstatt in 2. Generation Als markenunabh\u00e4ngige Werkstatt widmen wir uns allen Wartungs- und Instandsetzungsf\u00e4llen zu einem optimalen Preis. In unserem Leistungsspektrum finden Sie ein gro\u00dfes Reparatur- und Wartungsangebot f\u00fcr jeden Fahrzeugtyp.Wir sind der Fachbetrieb f\u00fcr historische Fahrzeuge!In unserer Fachwerkstatt sind Sie genau richtig, wenn Sie Reparatur- oder Wartungsarbeiten an Ihrem Oldtimer [&hellip;]<\/p>\n","protected":false},"author":3,"featured_media":0,"parent":0,"menu_order":0,"comment_status":"closed","ping_status":"closed","template":"","meta":{"footnotes":""},"class_list":["post-10","page","type-page","status-publish","hentry"],"yoast_head":"<!-- This site is optimized with the Yoast SEO plugin v27.5 - https:\/\/yoast.com\/product\/yoast-seo-wordpress\/ -->\n<title>\u00dcBER UNS - Auto - Karosserie - Lackierung<\/title>\n<meta name=\"robots\" content=\"index, follow, max-snippet:-1, max-image-preview:large, max-video-preview:-1\" \/>\n<link rel=\"canonical\" href=\"https:\/\/akl.mecki.net\/?page_id=10\" \/>\n<meta property=\"og:locale\" content=\"de_DE\" \/>\n<meta property=\"og:type\" content=\"article\" \/>\n<meta property=\"og:title\" content=\"\u00dcBER UNS - Auto - Karosserie - Lackierung\" \/>\n<meta property=\"og:description\" content=\"Wir sind eine freie Autowerkstatt in 2. Generation Als markenunabh\u00e4ngige Werkstatt widmen wir uns allen Wartungs- und Instandsetzungsf\u00e4llen zu einem optimalen Preis. In unserem Leistungsspektrum finden Sie ein gro\u00dfes Reparatur- und Wartungsangebot f\u00fcr jeden Fahrzeugtyp.Wir sind der Fachbetrieb f\u00fcr historische Fahrzeuge!In unserer Fachwerkstatt sind Sie genau richtig, wenn Sie Reparatur- oder Wartungsarbeiten an Ihrem Oldtimer [&hellip;]\" \/>\n<meta property=\"og:url\" content=\"https:\/\/akl.mecki.net\/?page_id=10\" \/>\n<meta property=\"og:site_name\" content=\"Auto - Karosserie - Lackierung\" \/>\n<meta property=\"article:modified_time\" content=\"2019-02-11T17:53:10+00:00\" \/>\n<meta name=\"twitter:card\" content=\"summary_large_image\" \/>\n<script type=\"application\/ld+json\" class=\"yoast-schema-graph\">{\"@context\":\"https:\\\/\\\/schema.org\",\"@graph\":[{\"@type\":\"WebPage\",\"@id\":\"https:\\\/\\\/akl.mecki.net\\\/?page_id=10\",\"url\":\"https:\\\/\\\/akl.mecki.net\\\/?page_id=10\",\"name\":\"\u00dcBER UNS - Auto - Karosserie - Lackierung\",\"isPartOf\":{\"@id\":\"https:\\\/\\\/akl.mecki.net\\\/#website\"},\"datePublished\":\"2019-02-06T17:42:29+00:00\",\"dateModified\":\"2019-02-11T17:53:10+00:00\",\"breadcrumb\":{\"@id\":\"https:\\\/\\\/akl.mecki.net\\\/?page_id=10#breadcrumb\"},\"inLanguage\":\"de\",\"potentialAction\":[{\"@type\":\"ReadAction\",\"target\":[\"https:\\\/\\\/akl.mecki.net\\\/?page_id=10\"]}]},{\"@type\":\"BreadcrumbList\",\"@id\":\"https:\\\/\\\/akl.mecki.net\\\/?page_id=10#breadcrumb\",\"itemListElement\":[{\"@type\":\"ListItem\",\"position\":1,\"name\":\"Startseite\",\"item\":\"https:\\\/\\\/akl.mecki.net\\\/\"},{\"@type\":\"ListItem\",\"position\":2,\"name\":\"\u00dcBER UNS\"}]},{\"@type\":\"WebSite\",\"@id\":\"https:\\\/\\\/akl.mecki.net\\\/#website\",\"url\":\"https:\\\/\\\/akl.mecki.net\\\/\",\"name\":\"Auto - Karosserie - Lackierung\",\"description\":\"Am Spring 18 - 03246 Crinitz - Tel. 035324 671\",\"potentialAction\":[{\"@type\":\"SearchAction\",\"target\":{\"@type\":\"EntryPoint\",\"urlTemplate\":\"https:\\\/\\\/akl.mecki.net\\\/?s={search_term_string}\"},\"query-input\":{\"@type\":\"PropertyValueSpecification\",\"valueRequired\":true,\"valueName\":\"search_term_string\"}}],\"inLanguage\":\"de\"}]}<\/script>\n<!-- \/ Yoast SEO plugin. -->","yoast_head_json":{"title":"\u00dcBER UNS - Auto - Karosserie - Lackierung","robots":{"index":"index","follow":"follow","max-snippet":"max-snippet:-1","max-image-preview":"max-image-preview:large","max-video-preview":"max-video-preview:-1"},"canonical":"https:\/\/akl.mecki.net\/?page_id=10","og_locale":"de_DE","og_type":"article","og_title":"\u00dcBER UNS - Auto - Karosserie - Lackierung","og_description":"Wir sind eine freie Autowerkstatt in 2. Generation Als markenunabh\u00e4ngige Werkstatt widmen wir uns allen Wartungs- und Instandsetzungsf\u00e4llen zu einem optimalen Preis. In unserem Leistungsspektrum finden Sie ein gro\u00dfes Reparatur- und Wartungsangebot f\u00fcr jeden Fahrzeugtyp.Wir sind der Fachbetrieb f\u00fcr historische Fahrzeuge!In unserer Fachwerkstatt sind Sie genau richtig, wenn Sie Reparatur- oder Wartungsarbeiten an Ihrem Oldtimer [&hellip;]","og_url":"https:\/\/akl.mecki.net\/?page_id=10","og_site_name":"Auto - Karosserie - Lackierung","article_modified_time":"2019-02-11T17:53:10+00:00","twitter_card":"summary_large_image","schema":{"@context":"https:\/\/schema.org","@graph":[{"@type":"WebPage","@id":"https:\/\/akl.mecki.net\/?page_id=10","url":"https:\/\/akl.mecki.net\/?page_id=10","name":"\u00dcBER UNS - Auto - Karosserie - Lackierung","isPartOf":{"@id":"https:\/\/akl.mecki.net\/#website"},"datePublished":"2019-02-06T17:42:29+00:00","dateModified":"2019-02-11T17:53:10+00:00","breadcrumb":{"@id":"https:\/\/akl.mecki.net\/?page_id=10#breadcrumb"},"inLanguage":"de","potentialAction":[{"@type":"ReadAction","target":["https:\/\/akl.mecki.net\/?page_id=10"]}]},{"@type":"BreadcrumbList","@id":"https:\/\/akl.mecki.net\/?page_id=10#breadcrumb","itemListElement":[{"@type":"ListItem","position":1,"name":"Startseite","item":"https:\/\/akl.mecki.net\/"},{"@type":"ListItem","position":2,"name":"\u00dcBER UNS"}]},{"@type":"WebSite","@id":"https:\/\/akl.mecki.net\/#website","url":"https:\/\/akl.mecki.net\/","name":"Auto - Karosserie - Lackierung","description":"Am Spring 18 - 03246 Crinitz - Tel. 035324 671","potentialAction":[{"@type":"SearchAction","target":{"@type":"EntryPoint","urlTemplate":"https:\/\/akl.mecki.net\/?s={search_term_string}"},"query-input":{"@type":"PropertyValueSpecification","valueRequired":true,"valueName":"search_term_string"}}],"inLanguage":"de"}]}},"_links":{"self":[{"href":"https:\/\/akl.mecki.net\/index.php?rest_route=\/wp\/v2\/pages\/10","targetHints":{"allow":["GET"]}}],"collection":[{"href":"https:\/\/akl.mecki.net\/index.php?rest_route=\/wp\/v2\/pages"}],"about":[{"href":"https:\/\/akl.mecki.net\/index.php?rest_route=\/wp\/v2\/types\/page"}],"author":[{"embeddable":true,"href":"https:\/\/akl.mecki.net\/index.php?rest_route=\/wp\/v2\/users\/3"}],"replies":[{"embeddable":true,"href":"https:\/\/akl.mecki.net\/index.php?rest_route=%2Fwp%2Fv2%2Fcomments&post=10"}],"version-history":[{"count":6,"href":"https:\/\/akl.mecki.net\/index.php?rest_route=\/wp\/v2\/pages\/10\/revisions"}],"predecessor-version":[{"id":159,"href":"https:\/\/akl.mecki.net\/index.php?rest_route=\/wp\/v2\/pages\/10\/revisions\/159"}],"wp:attachment":[{"href":"https:\/\/akl.mecki.net\/index.php?rest_route=%2Fwp%2Fv2%2Fmedia&parent=10"}],"curies":[{"name":"wp","href":"https:\/\/api.w.org\/{rel}","templated":true}]}}

ÜBER UNS

<h2>Wir sind eine freie Autowerkstatt in 2. Generation</h2>
<p>Als markenunabhängige Werkstatt widmen wir uns allen Wartungs- und Instandsetzungsfällen zu einem optimalen Preis. <br />In unserem Leistungsspektrum finden Sie ein großes Reparatur- und Wartungsangebot für jeden Fahrzeugtyp.<br />Wir sind der Fachbetrieb für historische Fahrzeuge!<br />In unserer Fachwerkstatt sind Sie genau richtig, wenn Sie Reparatur- oder Wartungsarbeiten an Ihrem Oldtimer durchführen lassen möchten! Unsere Mitarbeiter kümmern sich um Ihr Schmuckstück.</p>
<h2>Meisterbetrieb</h2>
<p>Wir sind ein KFZ-Meisterbetrieb und somit von der Handwerksverordnung anerkannt!</p>

<p>Wir sind eine freie Autowerkstatt in 2. Generation Als markenunabhängige Werkstatt widmen wir uns allen Wartungs- und Instandsetzungsfällen zu einem optimalen Preis. In unserem Leistungsspektrum finden Sie ein großes Reparatur- und Wartungsangebot für jeden Fahrzeugtyp.Wir sind der Fachbetrieb für historische Fahrzeuge!In unserer Fachwerkstatt sind Sie genau richtig, wenn Sie Reparatur- oder Wartungsarbeiten an Ihrem Oldtimer [&hellip;]</p>

<!-- This site is optimized with the Yoast SEO plugin v27.5 - https://yoast.com/product/yoast-seo-wordpress/ -->
<title>ÜBER UNS - Auto - Karosserie - Lackierung</title>
<meta name="robots" content="index, follow, max-snippet:-1, max-image-preview:large, max-video-preview:-1" />
<link rel="canonical" href="https://akl.mecki.net/?page_id=10" />
<meta property="og:locale" content="de_DE" />
<meta property="og:type" content="article" />
<meta property="og:title" content="ÜBER UNS - Auto - Karosserie - Lackierung" />
<meta property="og:description" content="Wir sind eine freie Autowerkstatt in 2. Generation Als markenunabhängige Werkstatt widmen wir uns allen Wartungs- und Instandsetzungsfällen zu einem optimalen Preis. In unserem Leistungsspektrum finden Sie ein großes Reparatur- und Wartungsangebot für jeden Fahrzeugtyp.Wir sind der Fachbetrieb für historische Fahrzeuge!In unserer Fachwerkstatt sind Sie genau richtig, wenn Sie Reparatur- oder Wartungsarbeiten an Ihrem Oldtimer [&hellip;]" />
<meta property="og:url" content="https://akl.mecki.net/?page_id=10" />
<meta property="og:site_name" content="Auto - Karosserie - Lackierung" />
<meta property="article:modified_time" content="2019-02-11T17:53:10+00:00" />
<meta name="twitter:card" content="summary_large_image" />
<script type="application/ld+json" class="yoast-schema-graph">{"@context":"https:\/\/schema.org","@graph":[{"@type":"WebPage","@id":"https:\/\/akl.mecki.net\/?page_id=10","url":"https:\/\/akl.mecki.net\/?page_id=10","name":"ÜBER UNS - Auto - Karosserie - Lackierung","isPartOf":{"@id":"https:\/\/akl.mecki.net\/#website"},"datePublished":"2019-02-06T17:42:29+00:00","dateModified":"2019-02-11T17:53:10+00:00","breadcrumb":{"@id":"https:\/\/akl.mecki.net\/?page_id=10#breadcrumb"},"inLanguage":"de","potentialAction":[{"@type":"ReadAction","target":["https:\/\/akl.mecki.net\/?page_id=10"]}]},{"@type":"BreadcrumbList","@id":"https:\/\/akl.mecki.net\/?page_id=10#breadcrumb","itemListElement":[{"@type":"ListItem","position":1,"name":"Startseite","item":"https:\/\/akl.mecki.net\/"},{"@type":"ListItem","position":2,"name":"ÜBER UNS"}]},{"@type":"WebSite","@id":"https:\/\/akl.mecki.net\/#website","url":"https:\/\/akl.mecki.net\/","name":"Auto - Karosserie - Lackierung","description":"Am Spring 18 - 03246 Crinitz - Tel. 035324 671","potentialAction":[{"@type":"SearchAction","target":{"@type":"EntryPoint","urlTemplate":"https:\/\/akl.mecki.net\/?s={search_term_string}"},"query-input":{"@type":"PropertyValueSpecification","valueRequired":true,"valueName":"search_term_string"}}],"inLanguage":"de"}]}</script>
<!-- / Yoast SEO plugin. -->

ÜBER UNS - Auto - Karosserie - Lackierung

Wir sind eine freie Autowerkstatt in 2. Generation Als markenunabhängige Werkstatt widmen wir uns allen Wartungs- und Instandsetzungsfällen zu einem optimalen Preis. In unserem Leistungsspektrum finden Sie ein großes Reparatur- und Wartungsangebot für jeden Fahrzeugtyp.Wir sind der Fachbetrieb für historische Fahrzeuge!In unserer Fachwerkstatt sind Sie genau richtig, wenn Sie Reparatur- oder Wartungsarbeiten an Ihrem Oldtimer [&hellip;]
